{"id":1055,"date":"2017-06-18T21:37:04","date_gmt":"2017-06-18T21:37:04","guid":{"rendered":"http:\/\/gnomedesmots.com\/?page_id=1055"},"modified":"2024-09-16T09:20:17","modified_gmt":"2024-09-16T07:20:17","slug":"e-shop-boutique-en-ligne","status":"publish","type":"page","link":"https:\/\/www.gnomedesmots.com\/index.php\/e-shop-boutique-en-ligne\/","title":{"rendered":"Se procurer les contes  &#038; E-shop"},"content":{"rendered":"<p>Coucou bonjour!<\/p>\n<p>Et voil\u00e0! Tadaaaaaaaaaaaaaaam. Un accomplissement en plus dans la petite vie de \u00ab\u00a0Melle S\u00e9raphine\u00ae\u00a0\u00bb : la boutique en ligne est en cours de cr\u00e9ation. Quelques produits sont d\u00e9j\u00e0 disponibles et les options de commande sont actives. A vous de jouer!<\/p>\n<p><img loading=\"lazy\" class=\"alignnone size-full wp-image-1073\" src=\"https:\/\/gnomedesmots.files.wordpress.com\/2017\/06\/e-shop-1.png\" alt=\"e-SHOP (1)\" width=\"945\" height=\"756\" srcset=\"https:\/\/www.gnomedesmots.com\/wp-content\/uploads\/2017\/06\/e-shop-1.png 945w, https:\/\/www.gnomedesmots.com\/wp-content\/uploads\/2017\/06\/e-shop-1-600x480.png 600w, https:\/\/www.gnomedesmots.com\/wp-content\/uploads\/2017\/06\/e-shop-1-300x240.png 300w, https:\/\/www.gnomedesmots.com\/wp-content\/uploads\/2017\/06\/e-shop-1-768x614.png 768w\" sizes=\"(max-width: 945px) 100vw, 945px\" \/><\/p>\n<p>Qu&rsquo;allez-vous trouver sur cet E-shop?<\/p>\n<ul>\n<li>les livres de contes pour enfants<\/li>\n<li>les livres d&rsquo;exercices de sophrologie pour enfants<\/li>\n<li>les livres de contes maternit\u00e9<\/li>\n<li>les pack mp3 d\u00e9j\u00e0 existants<\/li>\n<li>les puzzles<\/li>\n<li>les carnets de notes (carnet de bord &#8211; coin papeterie)<\/li>\n<li>les illustrations<\/li>\n<li>l&rsquo;agenda<\/li>\n<li>le calendrier \u00e0 suspendre<\/li>\n<li>le calendrier de bureau<\/li>\n<li>accessoires en \u00e9dition limit\u00e9e (collector)<\/li>\n<\/ul>\n<p>Mais aussi les cahiers de coaching et d&rsquo;\u00e9panouissement personnel pour les adultes! Comme mentionn\u00e9 en bas de page, Mademoiselle S\u00e9raphine, les sophro-contes et Eveil &amp; Vous \u00e9ditions rejoignent E&amp;V ART-cad\u00e9mie : l&rsquo;acad\u00e9mie EVEIL&amp;VOUS\u00a0<\/p>\n<p>Sur le site <a href=\"http:\/\/www.evartcademie.com\">www.evartcademie.com<\/a>, vous allez trouver toute l&rsquo;actu de la team, la boutique, le blog, les \u00e9ditions etc N&rsquo;h\u00e9sitez pas \u00e0 vous abonner car toutes les infos \u00e9v\u00e9nements transites par l\u00e0.\u00a0<\/p>\n<p>\u00a0<\/p>\n<p>Je vous invite donc , sans plus tarder, \u00e0 visiter la boutique \u00a0via le lien suivant :\u00a0<a href=\"https:\/\/www.etsy.com\/fr\/shop\/MelleSeraphineEShop?ref=search_shop_redirect\">https:\/\/www.etsy.com\/fr\/shop\/MelleSeraphineEShop?ref=search_shop_redirect<\/a><\/p>\n<p>Les autres options qui s&rsquo;offrent \u00e0 vous :<\/p>\n<ul>\n<li><strong>Soit via www.amazon.<\/strong>fr (m\u00eame chose : rechercher Melle S\u00e9raphine\u00ae)<\/li>\n<li><strong>Soit via le cabinet Melle S\u00e9raphine\u00ae :<\/strong> contactez-moi et venez sur place d\u00e9couvrir les livres et discuter de ceux qui vous int\u00e9ressent. Les avantages : contact direct, vous \u00eates certains de repartir avec le livre qu&rsquo;il vous faut, signature de l&rsquo;auteure, paquet cadeau pour f\u00eates diverses avec une carte des sophro-contes offerte, aucun frais d&rsquo;envoi, &#8230;UNE FOIS PAR MOIS : les frais d&rsquo;envoi sont gratuits (pour celles\/ceux qui ne savent pas se d\u00e9placer jusqu&rsquo;\u00e0 Braine-le-Comte. Je peux alors envoyer le livre de votre choix dans votre pays\/ville\/commune).<\/li>\n<\/ul>\n<ul>\n<li>\u00a0 Pour vous, parents et enseignants, les sophro-contes sont disponibles en t\u00e9l\u00e9chargement l\u00e9gal via la plateforme <a href=\"http:\/\/www.mieuxenseigner.be\/\">www.mieuxenseigner.be<\/a><\/li>\n<\/ul>\n<p>Mais aussi<a href=\"http:\/\/www.mieuxenseigner.ca\/\"> www.mieuxenseigner.ca<\/a><\/p>\n<p>et <a href=\"http:\/\/www.mieuxenseigner.fr\/\">www.mieuxenseigner.fr<\/a><\/p>\n<p>\u00a0<\/p>\n<p><strong>Pour me contacter: Utilisez le formulaire ci-dessous<\/strong><\/p>\n<p>www.melleseraphine.net<\/p>\n<p>\u00a0<\/p>\n<p>Au plaisir de partager avec vous \ud83d\ude42<\/p>\n<p>Lise<\/p>\n<div id='contact-form-1055'>\n<form action='https:\/\/www.gnomedesmots.com\/index.php\/e-shop-boutique-en-ligne\/#contact-form-1055' method='post' class='contact-form commentsblock'>\n\n<div class='grunion-field-wrap grunion-field-name-wrap'  >\n<label\n\t\t\t\tfor='g1055-name'\n\t\t\t\tclass='grunion-field-label name'\n\t\t\t\t>Name<span>(obligatoire)<\/span><\/label>\n<input\n\t\t\t\t\ttype='text'\n\t\t\t\t\tname='g1055-name'\n\t\t\t\t\tid='g1055-name'\n\t\t\t\t\tvalue=''\n\t\t\t\t\tclass='name' \n\t\t\t\t\trequired aria-required='true'\n\t\t\t\t\/>\n\t<\/div>\n\n<div class='grunion-field-wrap grunion-field-email-wrap'  >\n<label\n\t\t\t\tfor='g1055-email'\n\t\t\t\tclass='grunion-field-label email'\n\t\t\t\t>Email<span>(obligatoire)<\/span><\/label>\n<input\n\t\t\t\t\ttype='email'\n\t\t\t\t\tname='g1055-email'\n\t\t\t\t\tid='g1055-email'\n\t\t\t\t\tvalue=''\n\t\t\t\t\tclass='email' \n\t\t\t\t\trequired aria-required='true'\n\t\t\t\t\/>\n\t<\/div>\n\n<div class='grunion-field-wrap grunion-field-url-wrap'  >\n<label\n\t\t\t\tfor='g1055-website'\n\t\t\t\tclass='grunion-field-label url'\n\t\t\t\t>Website<\/label>\n<input\n\t\t\t\t\ttype='url'\n\t\t\t\t\tname='g1055-website'\n\t\t\t\t\tid='g1055-website'\n\t\t\t\t\tvalue=''\n\t\t\t\t\tclass='url' \n\t\t\t\t\t\n\t\t\t\t\/>\n\t<\/div>\n\n<div class='grunion-field-wrap grunion-field-textarea-wrap'  >\n<label\n\t\t\t\tfor='contact-form-comment-g1055-comment'\n\t\t\t\tclass='grunion-field-label textarea'\n\t\t\t\t>Comment<span>(obligatoire)<\/span><\/label>\n<textarea\n\t\t                name='g1055-comment'\n\t\t                id='contact-form-comment-g1055-comment'\n\t\t                rows='20' class='textarea'  required aria-required='true'><\/textarea>\n\t<\/div>\n\t<p class='contact-submit'>\n\t\t<button type='submit' class='pushbutton-wide'>Envoyer<\/button>\t\t<input type='hidden' name='contact-form-id' value='1055' \/>\n\t\t<input type='hidden' name='action' value='grunion-contact-form' \/>\n\t\t<input type='hidden' name='contact-form-hash' value='184e4d9da75354ec1a6db97761bfb1e84d9e5f46' \/>\n\t<\/p>\n<\/form>\n<\/div>\n\n\n<figure class=\"wp-block-image size-large\"><img loading=\"lazy\" width=\"1333\" height=\"1333\" src=\"https:\/\/www.gnomedesmots.com\/wp-content\/uploads\/2024\/09\/51-edited.png\" alt=\"\" class=\"wp-image-5069\" srcset=\"https:\/\/www.gnomedesmots.com\/wp-content\/uploads\/2024\/09\/51-edited.png 1333w, https:\/\/www.gnomedesmots.com\/wp-content\/uploads\/2024\/09\/51-edited-300x300.png 300w, https:\/\/www.gnomedesmots.com\/wp-content\/uploads\/2024\/09\/51-edited-1024x1024.png 1024w, https:\/\/www.gnomedesmots.com\/wp-content\/uploads\/2024\/09\/51-edited-150x150.png 150w, https:\/\/www.gnomedesmots.com\/wp-content\/uploads\/2024\/09\/51-edited-768x768.png 768w, https:\/\/www.gnomedesmots.com\/wp-content\/uploads\/2024\/09\/51-edited-600x600.png 600w, https:\/\/www.gnomedesmots.com\/wp-content\/uploads\/2024\/09\/51-edited-945x945.png 945w, https:\/\/www.gnomedesmots.com\/wp-content\/uploads\/2024\/09\/51-edited-100x100.png 100w\" sizes=\"(max-width: 1333px) 100vw, 1333px\" \/><\/figure>\n\n\n\n<p><\/p>\n","protected":false},"excerpt":{"rendered":"<p>Coucou bonjour! Et voil\u00e0! Tadaaaaaaaaaaaaaaam. Un accomplissement en plus dans la petite vie de \u00ab\u00a0Melle S\u00e9raphine\u00ae\u00a0\u00bb : la boutique en ligne est en cours de cr\u00e9ation. Quelques produits sont d\u00e9j\u00e0 disponibles et les options de commande sont actives. A vous&#8230; <a class=\"more-link\" href=\"https:\/\/www.gnomedesmots.com\/index.php\/e-shop-boutique-en-ligne\/\">Continue Reading &rarr;<\/a><\/p>\n","protected":false},"author":1,"featured_media":0,"parent":0,"menu_order":0,"comment_status":"closed","ping_status":"closed","template":"","meta":{"spay_email":""},"_links":{"self":[{"href":"https:\/\/www.gnomedesmots.com\/index.php\/wp-json\/wp\/v2\/pages\/1055"}],"collection":[{"href":"https:\/\/www.gnomedesmots.com\/index.php\/wp-json\/wp\/v2\/pages"}],"about":[{"href":"https:\/\/www.gnomedesmots.com\/index.php\/wp-json\/wp\/v2\/types\/page"}],"author":[{"embeddable":true,"href":"https:\/\/www.gnomedesmots.com\/index.php\/wp-json\/wp\/v2\/users\/1"}],"replies":[{"embeddable":true,"href":"https:\/\/www.gnomedesmots.com\/index.php\/wp-json\/wp\/v2\/comments?post=1055"}],"version-history":[{"count":3,"href":"https:\/\/www.gnomedesmots.com\/index.php\/wp-json\/wp\/v2\/pages\/1055\/revisions"}],"predecessor-version":[{"id":5072,"href":"https:\/\/www.gnomedesmots.com\/index.php\/wp-json\/wp\/v2\/pages\/1055\/revisions\/5072"}],"wp:attachment":[{"href":"https:\/\/www.gnomedesmots.com\/index.php\/wp-json\/wp\/v2\/media?parent=1055"}],"curies":[{"name":"wp","href":"https:\/\/api.w.org\/{rel}","templated":true}]}}