{"id":1571,"date":"2017-09-14T19:27:19","date_gmt":"2017-09-14T19:27:19","guid":{"rendered":"http:\/\/gnomedesmots.com\/?page_id=1571"},"modified":"2017-09-14T19:27:19","modified_gmt":"2017-09-14T19:27:19","slug":"dossier-de-presse-2","status":"publish","type":"page","link":"https:\/\/www.gnomedesmots.com\/index.php\/dossier-de-presse-2\/","title":{"rendered":"Dossier de presse"},"content":{"rendered":"<p><a href=\"https:\/\/gnomedesmots.files.wordpress.com\/2014\/07\/cover-contes-noir-blanc.png\"><img loading=\"lazy\" class=\" size-medium wp-image-14 aligncenter\" src=\"https:\/\/gnomedesmots.files.wordpress.com\/2014\/07\/cover-contes-noir-blanc.png?w=300\" alt=\"COVER CONTES NOIR BLANC\" width=\"300\" height=\"211\" srcset=\"https:\/\/www.gnomedesmots.com\/wp-content\/uploads\/2014\/07\/cover-contes-noir-blanc.png 1084w, https:\/\/www.gnomedesmots.com\/wp-content\/uploads\/2014\/07\/cover-contes-noir-blanc-600x422.png 600w, https:\/\/www.gnomedesmots.com\/wp-content\/uploads\/2014\/07\/cover-contes-noir-blanc-300x211.png 300w, https:\/\/www.gnomedesmots.com\/wp-content\/uploads\/2014\/07\/cover-contes-noir-blanc-1024x721.png 1024w, https:\/\/www.gnomedesmots.com\/wp-content\/uploads\/2014\/07\/cover-contes-noir-blanc-768x541.png 768w\" sizes=\"(max-width: 300px) 100vw, 300px\" \/><\/a><\/p>\n<p>Cliquez sur le lien pour avoir acc\u00e8s au <a href=\"https:\/\/madmagz.com\/fr\/magazine\/1105506#\/\">dossier de presse <\/a><a href=\"https:\/\/madmagz.com\/fr\/magazine\/1105506#\/\">2017\u00a0<\/a>des sophro-contes:<\/p>\n<p><a href=\"https:\/\/madmagz.com\/fr\/magazine\/1105506#\/\">Les sophro contes (l\u00e9gendes, couvertures et liens d&rsquo;achat)<\/a><\/p>\n<p>Le dossier de presse pour les visualisations cr\u00e9atrices est en cours de cr\u00e9ation. Un pdf peut \u00eatre obtenu sur simple demande en attendant la parution du guide virtuel.<\/p>\n\n<p>&nbsp;<\/p>\n<p>Voici la<strong> galerie explicative des sophro-contes<\/strong> d\u00e9j\u00e0 publi\u00e9s jusqu&rsquo;en 2016 :<\/p>\n<p>&nbsp;<\/p>\n\n\t\t<style type=\"text\/css\">\n\t\t\t#gallery-1 {\n\t\t\t\tmargin: auto;\n\t\t\t}\n\t\t\t#gallery-1 .gallery-item {\n\t\t\t\tfloat: left;\n\t\t\t\tmargin-top: 10px;\n\t\t\t\ttext-align: center;\n\t\t\t\twidth: 33%;\n\t\t\t}\n\t\t\t#gallery-1 img {\n\t\t\t\tborder: 2px solid #cfcfcf;\n\t\t\t}\n\t\t\t#gallery-1 .gallery-caption {\n\t\t\t\tmargin-left: 0;\n\t\t\t}\n\t\t\t\/* see gallery_shortcode() in wp-includes\/media.php *\/\n\t\t<\/style>\n\t\t<div id='gallery-1' class='gallery galleryid-1571 gallery-columns-3 gallery-size-thumbnail'><dl class='gallery-item'>\n\t\t\t<dt class='gallery-icon portrait'>\n\t\t\t\t<a href='https:\/\/www.gnomedesmots.com\/party\/'><img width=\"150\" height=\"150\" src=\"https:\/\/www.gnomedesmots.com\/wp-content\/uploads\/2016\/10\/party-150x150.jpg\" class=\"attachment-thumbnail size-thumbnail\" alt=\"\" loading=\"lazy\" srcset=\"https:\/\/www.gnomedesmots.com\/wp-content\/uploads\/2016\/10\/party-150x150.jpg 150w, https:\/\/www.gnomedesmots.com\/wp-content\/uploads\/2016\/10\/party-300x300.jpg 300w, https:\/\/www.gnomedesmots.com\/wp-content\/uploads\/2016\/10\/party-100x100.jpg 100w\" sizes=\"(max-width: 150px) 100vw, 150px\" \/><\/a>\n\t\t\t<\/dt><\/dl><dl class='gallery-item'>\n\t\t\t<dt class='gallery-icon portrait'>\n\t\t\t\t<a href='https:\/\/www.gnomedesmots.com\/party-4\/'><img width=\"150\" height=\"150\" src=\"https:\/\/www.gnomedesmots.com\/wp-content\/uploads\/2016\/10\/party-4-150x150.jpg\" class=\"attachment-thumbnail size-thumbnail\" alt=\"\" loading=\"lazy\" srcset=\"https:\/\/www.gnomedesmots.com\/wp-content\/uploads\/2016\/10\/party-4-150x150.jpg 150w, https:\/\/www.gnomedesmots.com\/wp-content\/uploads\/2016\/10\/party-4-300x300.jpg 300w, https:\/\/www.gnomedesmots.com\/wp-content\/uploads\/2016\/10\/party-4-100x100.jpg 100w\" sizes=\"(max-width: 150px) 100vw, 150px\" \/><\/a>\n\t\t\t<\/dt><\/dl><dl class='gallery-item'>\n\t\t\t<dt class='gallery-icon portrait'>\n\t\t\t\t<a href='https:\/\/www.gnomedesmots.com\/party-1\/'><img width=\"150\" height=\"150\" src=\"https:\/\/www.gnomedesmots.com\/wp-content\/uploads\/2016\/10\/party-1-150x150.jpg\" class=\"attachment-thumbnail size-thumbnail\" alt=\"\" loading=\"lazy\" srcset=\"https:\/\/www.gnomedesmots.com\/wp-content\/uploads\/2016\/10\/party-1-150x150.jpg 150w, https:\/\/www.gnomedesmots.com\/wp-content\/uploads\/2016\/10\/party-1-300x300.jpg 300w, https:\/\/www.gnomedesmots.com\/wp-content\/uploads\/2016\/10\/party-1-100x100.jpg 100w\" sizes=\"(max-width: 150px) 100vw, 150px\" \/><\/a>\n\t\t\t<\/dt><\/dl><br style=\"clear: both\" \/><dl class='gallery-item'>\n\t\t\t<dt class='gallery-icon portrait'>\n\t\t\t\t<a href='https:\/\/www.gnomedesmots.com\/party-2\/'><img width=\"150\" height=\"150\" src=\"https:\/\/www.gnomedesmots.com\/wp-content\/uploads\/2016\/10\/party-2-150x150.jpg\" class=\"attachment-thumbnail size-thumbnail\" alt=\"\" loading=\"lazy\" srcset=\"https:\/\/www.gnomedesmots.com\/wp-content\/uploads\/2016\/10\/party-2-150x150.jpg 150w, https:\/\/www.gnomedesmots.com\/wp-content\/uploads\/2016\/10\/party-2-300x300.jpg 300w, https:\/\/www.gnomedesmots.com\/wp-content\/uploads\/2016\/10\/party-2-100x100.jpg 100w\" sizes=\"(max-width: 150px) 100vw, 150px\" \/><\/a>\n\t\t\t<\/dt><\/dl><dl class='gallery-item'>\n\t\t\t<dt class='gallery-icon portrait'>\n\t\t\t\t<a href='https:\/\/www.gnomedesmots.com\/party-3\/'><img width=\"150\" height=\"150\" src=\"https:\/\/www.gnomedesmots.com\/wp-content\/uploads\/2016\/10\/party-3-150x150.jpg\" class=\"attachment-thumbnail size-thumbnail\" alt=\"\" loading=\"lazy\" srcset=\"https:\/\/www.gnomedesmots.com\/wp-content\/uploads\/2016\/10\/party-3-150x150.jpg 150w, https:\/\/www.gnomedesmots.com\/wp-content\/uploads\/2016\/10\/party-3-300x300.jpg 300w, https:\/\/www.gnomedesmots.com\/wp-content\/uploads\/2016\/10\/party-3-100x100.jpg 100w\" sizes=\"(max-width: 150px) 100vw, 150px\" \/><\/a>\n\t\t\t<\/dt><\/dl><dl class='gallery-item'>\n\t\t\t<dt class='gallery-icon portrait'>\n\t\t\t\t<a href='https:\/\/www.gnomedesmots.com\/party-5\/'><img width=\"150\" height=\"150\" src=\"https:\/\/www.gnomedesmots.com\/wp-content\/uploads\/2016\/10\/party-5-150x150.jpg\" class=\"attachment-thumbnail size-thumbnail\" alt=\"\" loading=\"lazy\" srcset=\"https:\/\/www.gnomedesmots.com\/wp-content\/uploads\/2016\/10\/party-5-150x150.jpg 150w, https:\/\/www.gnomedesmots.com\/wp-content\/uploads\/2016\/10\/party-5-300x300.jpg 300w, https:\/\/www.gnomedesmots.com\/wp-content\/uploads\/2016\/10\/party-5-100x100.jpg 100w\" sizes=\"(max-width: 150px) 100vw, 150px\" \/><\/a>\n\t\t\t<\/dt><\/dl><br style=\"clear: both\" \/><dl class='gallery-item'>\n\t\t\t<dt class='gallery-icon portrait'>\n\t\t\t\t<a href='https:\/\/www.gnomedesmots.com\/party-8\/'><img width=\"150\" height=\"150\" src=\"https:\/\/www.gnomedesmots.com\/wp-content\/uploads\/2016\/10\/party-8-150x150.jpg\" class=\"attachment-thumbnail size-thumbnail\" alt=\"\" loading=\"lazy\" srcset=\"https:\/\/www.gnomedesmots.com\/wp-content\/uploads\/2016\/10\/party-8-150x150.jpg 150w, https:\/\/www.gnomedesmots.com\/wp-content\/uploads\/2016\/10\/party-8-300x300.jpg 300w, https:\/\/www.gnomedesmots.com\/wp-content\/uploads\/2016\/10\/party-8-100x100.jpg 100w\" sizes=\"(max-width: 150px) 100vw, 150px\" \/><\/a>\n\t\t\t<\/dt><\/dl><dl class='gallery-item'>\n\t\t\t<dt class='gallery-icon portrait'>\n\t\t\t\t<a href='https:\/\/www.gnomedesmots.com\/party-7\/'><img width=\"150\" height=\"150\" src=\"https:\/\/www.gnomedesmots.com\/wp-content\/uploads\/2016\/10\/party-7-150x150.jpg\" class=\"attachment-thumbnail size-thumbnail\" alt=\"\" loading=\"lazy\" srcset=\"https:\/\/www.gnomedesmots.com\/wp-content\/uploads\/2016\/10\/party-7-150x150.jpg 150w, https:\/\/www.gnomedesmots.com\/wp-content\/uploads\/2016\/10\/party-7-300x300.jpg 300w, https:\/\/www.gnomedesmots.com\/wp-content\/uploads\/2016\/10\/party-7-100x100.jpg 100w\" sizes=\"(max-width: 150px) 100vw, 150px\" \/><\/a>\n\t\t\t<\/dt><\/dl><dl class='gallery-item'>\n\t\t\t<dt class='gallery-icon portrait'>\n\t\t\t\t<a href='https:\/\/www.gnomedesmots.com\/party-6\/'><img width=\"150\" height=\"150\" src=\"https:\/\/www.gnomedesmots.com\/wp-content\/uploads\/2016\/10\/party-6-150x150.jpg\" class=\"attachment-thumbnail size-thumbnail\" alt=\"\" loading=\"lazy\" srcset=\"https:\/\/www.gnomedesmots.com\/wp-content\/uploads\/2016\/10\/party-6-150x150.jpg 150w, https:\/\/www.gnomedesmots.com\/wp-content\/uploads\/2016\/10\/party-6-300x300.jpg 300w, https:\/\/www.gnomedesmots.com\/wp-content\/uploads\/2016\/10\/party-6-100x100.jpg 100w\" sizes=\"(max-width: 150px) 100vw, 150px\" \/><\/a>\n\t\t\t<\/dt><\/dl><br style=\"clear: both\" \/><dl class='gallery-item'>\n\t\t\t<dt class='gallery-icon portrait'>\n\t\t\t\t<a href='https:\/\/www.gnomedesmots.com\/party-10\/'><img width=\"150\" height=\"150\" src=\"https:\/\/www.gnomedesmots.com\/wp-content\/uploads\/2016\/10\/party-10-150x150.jpg\" class=\"attachment-thumbnail size-thumbnail\" alt=\"\" loading=\"lazy\" srcset=\"https:\/\/www.gnomedesmots.com\/wp-content\/uploads\/2016\/10\/party-10-150x150.jpg 150w, https:\/\/www.gnomedesmots.com\/wp-content\/uploads\/2016\/10\/party-10-300x300.jpg 300w, https:\/\/www.gnomedesmots.com\/wp-content\/uploads\/2016\/10\/party-10-100x100.jpg 100w\" sizes=\"(max-width: 150px) 100vw, 150px\" \/><\/a>\n\t\t\t<\/dt><\/dl><dl class='gallery-item'>\n\t\t\t<dt class='gallery-icon portrait'>\n\t\t\t\t<a href='https:\/\/www.gnomedesmots.com\/party-9\/'><img width=\"150\" height=\"150\" src=\"https:\/\/www.gnomedesmots.com\/wp-content\/uploads\/2016\/10\/party-9-150x150.jpg\" class=\"attachment-thumbnail size-thumbnail\" alt=\"\" loading=\"lazy\" srcset=\"https:\/\/www.gnomedesmots.com\/wp-content\/uploads\/2016\/10\/party-9-150x150.jpg 150w, https:\/\/www.gnomedesmots.com\/wp-content\/uploads\/2016\/10\/party-9-300x300.jpg 300w, https:\/\/www.gnomedesmots.com\/wp-content\/uploads\/2016\/10\/party-9-100x100.jpg 100w\" sizes=\"(max-width: 150px) 100vw, 150px\" \/><\/a>\n\t\t\t<\/dt><\/dl>\n\t\t\t<br style='clear: both' \/>\n\t\t<\/div>\n\n<p>&nbsp;<\/p>\n<p>Pour me contacter<\/p>\n<div id='contact-form-1571'>\n<form action='https:\/\/www.gnomedesmots.com\/index.php\/dossier-de-presse-2\/#contact-form-1571' method='post' class='contact-form commentsblock'>\n\n<div class='grunion-field-wrap grunion-field-name-wrap'  >\n<label\n\t\t\t\tfor='g1571-name'\n\t\t\t\tclass='grunion-field-label name'\n\t\t\t\t>Name<span>(obligatoire)<\/span><\/label>\n<input\n\t\t\t\t\ttype='text'\n\t\t\t\t\tname='g1571-name'\n\t\t\t\t\tid='g1571-name'\n\t\t\t\t\tvalue=''\n\t\t\t\t\tclass='name' \n\t\t\t\t\trequired aria-required='true'\n\t\t\t\t\/>\n\t<\/div>\n\n<div class='grunion-field-wrap grunion-field-email-wrap'  >\n<label\n\t\t\t\tfor='g1571-email'\n\t\t\t\tclass='grunion-field-label email'\n\t\t\t\t>Email<span>(obligatoire)<\/span><\/label>\n<input\n\t\t\t\t\ttype='email'\n\t\t\t\t\tname='g1571-email'\n\t\t\t\t\tid='g1571-email'\n\t\t\t\t\tvalue=''\n\t\t\t\t\tclass='email' \n\t\t\t\t\trequired aria-required='true'\n\t\t\t\t\/>\n\t<\/div>\n\n<div class='grunion-field-wrap grunion-field-url-wrap'  >\n<label\n\t\t\t\tfor='g1571-website'\n\t\t\t\tclass='grunion-field-label url'\n\t\t\t\t>Website<\/label>\n<input\n\t\t\t\t\ttype='url'\n\t\t\t\t\tname='g1571-website'\n\t\t\t\t\tid='g1571-website'\n\t\t\t\t\tvalue=''\n\t\t\t\t\tclass='url' \n\t\t\t\t\t\n\t\t\t\t\/>\n\t<\/div>\n\n<div class='grunion-field-wrap grunion-field-textarea-wrap'  >\n<label\n\t\t\t\tfor='contact-form-comment-g1571-comment'\n\t\t\t\tclass='grunion-field-label textarea'\n\t\t\t\t>Comment<span>(obligatoire)<\/span><\/label>\n<textarea\n\t\t                name='g1571-comment'\n\t\t                id='contact-form-comment-g1571-comment'\n\t\t                rows='20' class='textarea'  required aria-required='true'><\/textarea>\n\t<\/div>\n\t<p class='contact-submit'>\n\t\t<button type='submit' class='pushbutton-wide'>Envoyer<\/button>\t\t<input type='hidden' name='contact-form-id' value='1571' \/>\n\t\t<input type='hidden' name='action' value='grunion-contact-form' \/>\n\t\t<input type='hidden' name='contact-form-hash' value='184e4d9da75354ec1a6db97761bfb1e84d9e5f46' \/>\n\t<\/p>\n<\/form>\n<\/div>\n","protected":false},"excerpt":{"rendered":"<p>Cliquez sur le lien pour avoir acc\u00e8s au dossier de presse 2017\u00a0des sophro-contes: Les sophro contes (l\u00e9gendes, couvertures et liens d&rsquo;achat) Le dossier de presse pour les visualisations cr\u00e9atrices est en cours de cr\u00e9ation. Un pdf peut \u00eatre obtenu sur&#8230; <a class=\"more-link\" href=\"https:\/\/www.gnomedesmots.com\/index.php\/dossier-de-presse-2\/\">Continue Reading &rarr;<\/a><\/p>\n","protected":false},"author":1,"featured_media":0,"parent":0,"menu_order":0,"comment_status":"closed","ping_status":"closed","template":"","meta":{"spay_email":""},"_links":{"self":[{"href":"https:\/\/www.gnomedesmots.com\/index.php\/wp-json\/wp\/v2\/pages\/1571"}],"collection":[{"href":"https:\/\/www.gnomedesmots.com\/index.php\/wp-json\/wp\/v2\/pages"}],"about":[{"href":"https:\/\/www.gnomedesmots.com\/index.php\/wp-json\/wp\/v2\/types\/page"}],"author":[{"embeddable":true,"href":"https:\/\/www.gnomedesmots.com\/index.php\/wp-json\/wp\/v2\/users\/1"}],"replies":[{"embeddable":true,"href":"https:\/\/www.gnomedesmots.com\/index.php\/wp-json\/wp\/v2\/comments?post=1571"}],"version-history":[{"count":0,"href":"https:\/\/www.gnomedesmots.com\/index.php\/wp-json\/wp\/v2\/pages\/1571\/revisions"}],"wp:attachment":[{"href":"https:\/\/www.gnomedesmots.com\/index.php\/wp-json\/wp\/v2\/media?parent=1571"}],"curies":[{"name":"wp","href":"https:\/\/api.w.org\/{rel}","templated":true}]}}